3 + -11 - -1 - (-3 - -1).
5
-5 + (8 - 3 - 0)
0
(-3 - 0) + 1 - -2 - -4
4
What is -7 + 10 - (6 + 5 + -4)?
-4
Calculate (-9 - (4 - 8)) + 0.
-5
Evaluate -1 - (0 - -2) - -6.
3
(1 - (-5 - (1 + -3))) + -3
1
What is 9 + 0 + -8 + 4 + -1?
4
Calculate (-8 - -4) + 1 + 1 + -3.
-5
-11 + -1 + (110 - 99)
-1
Calculate -2 - -7 - 8 - -2.
-1
Calculate -9 + (-5 - -8 - 0).
-6
What is -5 + 3 + 1 - -7?
6
Evaluate -10 + (-7 - (-19 - -10)).
-8
What is the value of -4 + (-3 - -1) + 0 - -1?
-5
What is 7 + (-3 - 5) + (0 - 1)?
-2
What is the value of (1 - (-8 - (-13 - -3))) + -2?
-3
-1 - (2 + -2) - (2 + -1)
-2
What is 0 + (4 - -5) + 0?
9
(7 - 2) + (-11 - -1)
-5
Evaluate -5 + (-3 + (7 - 2) - -8).
5
What is the value of -4 + (-7 - (-17 - -10))?
-4
What is (0 - 3) + 1 - 0?
-2
Evaluate 8 - ((-5 - -4) + 10).
-1
Calculate -12 - ((10 - 5) + -13).
-4
Evaluate (-2 - (-2 - (2 + -4))) + 2.
0
Evaluate 9 + -9 + 8 - 11.
-3
Calculate 1 + 0 + (3 - 3).
1
Calculate -1 + 4 - (2 - 0).
1
What is 3 + (-16 - -9) + 1?
-3
Calculate 5 + (-13 - 0) + -2 + 5.
-5
1 - (6 - (9 - -6))
10
What is the value of 3 + 0 + 6 + -4?
5
Evaluate (2 - 4) + 8 + -9.
-3
What is 14 + 6 + -22 - (3 - 2)?
-3
What is the value of (2 - -16) + -15 - (0 + -5)?
8
Calculate 5 - (16 - (-3 + 2 - -6)).
-6
Calculate (3 - 11) + 0 + 6.
-2
What is 6 + -5 + 0 + -5?
-4
2 + -6 + 0 + 1
-3
What is 3 - -11 - -1 - 14?
1
What is the value of -2 + (-1 - (-4 - -3))?
-2
-4 + -1 + (-1 - -7)
1
What is (1 - -2) + -4 - -4 - -2?
5
What is -1 + 7 - (-11 - 0 - -10)?
7
What is 3 + (-2 - 2) + 3 + -4?
-2
Evaluate 29 - 26 - (-3 - -1).
5
Evaluate -1 - (-2 - (11 + -7) - -12).
-7
Calculate -6 - -8 - (1 - 0 - -4).
-3
Evaluate -15 + 18 - (1 + -3).
5
Evaluate 3 - 14 - (-7 - 0).
-4
(-4 - -2) + 1 + (-1 - -5)
3
0 - (-11 + 4 + 3 + 4)
0
What is -10 - -3 - (-1 - 1 - 1)?
-4
(-1 - (4 + -1)) + 6 - 9
-7
Evaluate (-6 + 4 - -4 - -8) + -6.
4
What is the value of 7 + -1 - (-7 - -13)?
0
What is 2 + -5 - (-3 + 2)?
-2
Evaluate -2 + (6 + (-8 - -6) - 2).
0
Evaluate 1 - (-4 + (6 - 6)).
5
10 + -3 - 2 - (-1 + 2)
4
Evaluate 5 + (-6 + 8 - 3).
4
What is -1 + -7 + 4 - (0 + -1)?
-3
Evaluate -1 - (-5 + -1 - -5) - -1.
1
Calculate 2 + -3 - (5 + -3 + -4).
1
Calculate 1 - -20 - (-146 + 160).
7
What is the value of -3 + (4 - 1) - (-1 + 1)?
0
Evaluate -59 + 47 + 1 + -1 + 6.
-6
Calculate (-5 - -2) + 0 + 6.
3
Evaluate (-1 - -1 - -2) + 1 + -4.
-1
-4 + (-5 - -6 - -2)
-1
Calculate (-5 - -7) + -4 - (-2 + -1).
1
Calculate (66 - 70) + 1 + 1.
-2
Calculate -3 + -2 + 2 - -9.
6
-7 + 5 + (-5 - -4) + 5
2
2 + -7 + (3 - -1)
-1
Evaluate -2 + (-5 - -6) + 3.
2
Calculate 6 + -1 + -5 + -4.
-4
10 - (21 + -3 + -8)
0
Evaluate 4 + 1 + (22 - 30).
-3
Evaluate 5 + -3 - (1 + 0 - -4).
-3
What is the value of (2 + 6 - 6) + -1?
1
What is (4 - (-1 + 4)) + 0 + -3?
-2
What is -3 + 15 + (-7 - -3)?
8
Evaluate -11 + -7 + (19 - 6).
-5
What is the value of -4 + 16 + (7 - 2) + -12?
5
Calculate (-2 - (2 - 3) - 0) + 2.
1
What is -2 + (5 - -1 - (2 - 2))?
4
What is (-10 - -7) + 6 + -4?
-1
Evaluate -3 + -8 + 10 + -7.
-8
Calculate (-1 - -2) + (1 - -2) + -5.
-1
What is the value of (-9 + 4 - -9) + 0?
4
Evaluate 18 + -6 + -1 + -7.
4
(-6 - -13) + -2 + -4
1
Calculate (1 - -2) + (61 - 58).
6
(4 - 2) + (1 + -3 - -3)
3
Evaluate (0 - 3) + -1 + 7 - 2.
1
What is -5 - (-7 - 2 - 0)?
4
Calculate 4 - 1 - (1 + 4 + -6).
4
What is 3 - (3 - -6) - (-10 + -1)?
5
Calculate 27 + -17 - (18 + -4).
-4
What is the value of (0 - 0) + -10 + 11?
1
-9 - (0 + -5 + 3) - -4
-3
What is 5 - (0 + 4 + -3)?
4
What is -3 + 1 - (-10 + 7)?
1
What is the value of (-11 - 6 - -11) + -2 + 15?
7
What is -2 + (-5 - 1 - -8)?
0
What is the value of 3 - (8 - (4 - 0))?
-1
Calculate (-3 - 4) + (5 - (3 - 0)).
-5
Evaluate 1 + (0 - 2) + -4.
-5
What is the value of -3 + (0 - -1) - -1 - -7?
6
Calculate 2 + 0 - (1 + 10 + -4).
-5
What is the value of 4 + (-4 - -9) + -4 + -1?
4
What is the value of 4 - ((11 - 4) + -3)?
0
24 + -24 + (0 - 0) + 0
0
Calculate 6 + 3 + (-3 - -1) + -2.
5
Calculate 5 + -9 - ((-3 - 1) + 5).
-5
What is the value of 1 - 4 - (2 - 7)?
2
What is the value of 4 - (-6 + (-4 - -4) - -3)?
7
Calculate 1 + (2 - (-4 + 2)).
5
What is the value of 2 + (-2 + -2 - -7) + -1?
4
Evaluate 3 + (0 + -20 - (-43 - -35)).
-9
Calculate 4 + 4 + -4 + -1.
3
Evaluate 4 + -3 + -1 + 4.
4
Calculate 4 + (1 - (-1 - -4) - -1).
3
What is 7 - (3 + 0 - 5)?
9
Calculate -3 - -8 - 2 - (2 - 1).
2
What is the value of 5 + 1 - (-1 + 6)?
1
What is -18 + 16 + 0 + 8 - 8?
-2
(1 - -4) + (1 + -6 - 5)
-5
Calculate 2 + 1 + 3 + 4 + -13.
-3
What is (0 - -4) + (3 - (3 - 0))?
4
Calculate (-8 - -5) + -2 + 6 + 2.
3
What is -3 - ((4 - 3) + -3 + 3)?
-4
What is the value of (-2 - 3) + -4 + -4 + 7?
-6
What is the value of (-1 - -2) + 0 + (-1 - 0)?
0
Evaluate (0 + 3 - 5) + -2.
-4
Calculate 7 + (1 - 10) - (4 + -2).
-4
What is the value of 13 + -21 - (-10 - -4)?
-2
Calculate -24 - -18 - (-8 - 4).
6
What is the value of 0 + 3 + -12 + -2 + 7?
-4
What is the value of -13 - (-8 - (-5 + 0)) - -5?
-5
Calculate -1 + (-3 - -7) - -2.
5
What is the value of (2 - -1) + 9 + -14 + 1?
-1
Calculate 3 + (3 - 1) + -7.
-2
What is the value of -21 + 17 + -1 + 0?
-5
What is -2 + 0 + (-4 - -1)?
-5
0 + 1 - (-7 - -3)
5
What is -2 + 4 + (-7 - -9)?
4
-4 - (-5 + -2 - (-3 - -1))
1
Calculate 3 + -2 + (-3 - -6) + -1.
3
What is 0 + (7 - 3) - (-5 + 9)?
0
Calculate 10 + -18 + 18 - 7.
3
-3 + (0 + -5 - -5)
-3
Evaluate 2 + 0 - (-8 + 4 - -7).
-1
What is (-2 + 3 - 7) + 8 + -8?
-6
What is (-3 - -3 - 1) + 0?
-1
What is (2 - -7 - 8) + (-1 - 5)?
-5
Calculate 0 + -3 + (7 - 7).
-3
What is 8 + -10 + 0 + 1 + -5?
-6
Calculate -23 - -18 - (-6 - (4 + -4)).
1
7 - (12 + -16 + 10)
1
(-8 - -16) + -11 - -1
-2
Calculate 14 + -8 + -8 - (2 - 5).
1
-1 + -1 + -2 + 2
-2
-1 + -1 + 1 + -6 - -6
-1
Calculate (-4 - -3) + -11 + 4.
-8
What is (-10 - -11) + (-7 - 1)?
-7
Evaluate 10 + (3 - 12) - 8.
-7
What is the value of 1 + -1 + (-4 - -6)?
2
Calculate 4 - (-2 + (-2 - -5)).
3
1 + 3 + -105 + 94
-7
Calculate -4 - (0 - -1 - (1 + 0)).
-4
Evaluate (4 - 3) + (3 - 8) + 3.
-1
What is the value of -3 + -15 + (50 - 39)?
-7
What is 3 + 15 + -13 + -1 + -6?
-2
-4 + 7 + (-4 - -3 - -3)
5
Calculate 3 + (-4 - -5) - -1.
5
What is the value of (-1 + 5 - 3) + -3?
-2
What is 1 - 3 - 2 - 1?
-5
What is the value of (-51 - -42) + (13 - 0)?
4
24 - 33 - (-7 - -1)
-3
Calculate -19 + 15 - (-1 - 13).
10
Evaluate -7 + -4 + 1 + 5 - -3.
-2
Evaluate 2 + -4 - (2 + 2 - 8).
2
Calculate (-1 + 2 - 1) + 3 + 1.
4
Evaluate -3 - (4 + -8) - (2 + -2).
1
Calculate 5 + 1 + (1 - 3) + 1.
5
What is 2 + 6 + -13 - -3?
-2
-1 - -3 - ((6 - 10) + 3)
3
What is -2 - (-4 + (15 - 9))?
-4
(-12 - -13) + -4 + (1 - 3)
-5
What is the value of (-3 - -2 - 3) + 10?
6
What is -8 + -5 + 6 + 0?
-7
What is the value of 4 + -11 + -5 + 9?
-3
What is the value of -8 + (12 - (6 - (0 + 1)))?
-1
Evaluate 12 + -1 + (4 - 12 - -3).
6
What is (8 - 7) + 1 + 1 + -1?
2
Calculate 9 + (-1 - (2 + 5)).
1
What is the value of 5 + 4 + 1 + -2 + -4?
4
Evaluate (-3 - ((-4 - -3) + 1)) + 1.
-2
0 - ((-1 - -8) + -2)
-5
Evaluate (-4 - -7) + -1 + -6.
-4
Calculate (5 - 6 - (0 - -1)) + 3.
1
What is the value of -2 + 5 - (5 - -4)?
-6
What is -16 + 21 + -3 + (0 - -2)?
4
What is 1 + -14 - (-19 - -12) - -15?
9
Calculate 3 + (-3 - 3 - -1) + 1.
-1
What is -3 + 5 - 3 - -6?
5
4 + 5 + -5 + (2 - 1)
5
What is -7 + -2 + 5 + -4 + 11?
3
34 + -33 + (4 - 1) + -6
-2
1 + ((-7 - -9) + -3 - 0)
0
What is the value of (3 - (-1 - -4)) + 4?
4
4 + -10 - -3 - (-5 + 2)
0
Calculate 2 + -19 + 22 + -1 + -2.
2
What is the value of 1 + (-4 - -3) + -4?
-4
2 - 10 - -4 - (0 - -3)
-7
Evaluate -8 - (-2 - (2 + 0)).
-4
Calculate (-8 - (-2 + 1)) + (-26 - -28).
-5
What is the value of -3 - -3 - (3 + -5)?
2
What is -5 - (-5 - (1 - 11) - 3)?
-7
Calculate 5 - (-4 + -1 - -6).
4
What is the value of 5 - (10 - 12) - 7?
0
What is 4 - (3 - 0) - -1?
2
(0 - -6) + -4 + 4
6
Calculate (11 - (-2 - -3)) + -14.
-4
(1 - (10 + -4)) + 2
-3
5 + 0 + -6 + 5 + -4
0
What is (-6 + 5 - -8) + -7 - 1?
-1
What is the value of 3 + 5 - 10 - (-1 - 0)?
-1
Evaluate 1 + -8 - (-14 - (-16 - -4)).
-5
9 + -1 + -11 - (1 + -3)
-1
6 + (4 - (1 + 7))
2
(7 - (-5 + 13) - 7) + 8
0
Calculate 14 - (29 - 14) - (2 + -6).
3
Calculate 8 - (-1 + 21 - -4 - 8).
-8
What is the value of 0 + (4 - (0 + 5 - 2))?
1
What is -3 + 4 + (-1 - 0)?
0
What is the value of (11 - (-6 + 6)) + -1?
10
What is -25 + 